{"id":532,"date":"2025-03-16T12:11:41","date_gmt":"2025-03-16T12:11:41","guid":{"rendered":"https:\/\/www.martin-hausboot.de\/?page_id=532"},"modified":"2025-08-21T15:58:32","modified_gmt":"2025-08-21T15:58:32","slug":"newsletter-vom-16-03-2026","status":"publish","type":"page","link":"https:\/\/www.martin-hausboot.de\/?page_id=532","title":{"rendered":"Newsletter vom 16.03.2025"},"content":{"rendered":"\n<h2 class=\"wp-block-heading\">Hausbootfahrten in Frankreich 2025<br><\/h2>\n\n\n\n<figure class=\"wp-block-image size-full\"><img loading=\"lazy\" decoding=\"async\" width=\"480\" height=\"221\" src=\"https:\/\/www.martin-hausboot.de\/wp-content\/uploads\/2025\/03\/image-1.png\" alt=\"\" class=\"wp-image-534\" srcset=\"https:\/\/www.martin-hausboot.de\/wp-content\/uploads\/2025\/03\/image-1.png 480w, https:\/\/www.martin-hausboot.de\/wp-content\/uploads\/2025\/03\/image-1-300x138.png 300w\" sizes=\"auto, (max-width: 480px) 100vw, 480px\" \/><\/figure>\n\n\n\n<p>Am 15 April geht\u2019s wieder los \u2013 wir starten mit unserer \u201ealten\u201c VLINDER<br>von Saint Jean de Losne auf der Saone zu einer gro\u00dfen diesj\u00e4hrigen Runde.<\/p>\n\n\n\n<p>Es geht zun\u00e4chst auf der \u201eDoubs\u201c \u00fcber Besan\u00e7on und Muhlhouse bis nach Basel.<br>Weiter dann auf dem Rhein mit einem Abstecher nach Colmar bis nach Stra\u00dfbourg.<\/p>\n\n\n\n<p>Auf dem \u201eCanal de la Marne au Rhin\u201c passieren wir auf dem Weg nach Nancy&nbsp;<br>zwei \u00fcber f\u00fcnf kilometerlange Tunnel und benutzen den Bootslift bei Arzviller.<\/p>\n\n\n\n<p>Ab Nancy folgen wir dem \u201eCanal de la Marne au Rhin (Ouest)\u201c bis nach Vitry-le-Fran\u00e7ois<br>durch Lothringen und der Champagne.<\/p>\n\n\n\n<p>Von dort aus geht\u2019s weiter gen S\u00fcden auf dem \u201eCanal entre Champagne et Bourgogne\u201c<br>wieder bis zur Saone und Saint Jean de Losne.<\/p>\n\n\n\n<figure class=\"wp-block-image size-full\"><img loading=\"lazy\" decoding=\"async\" width=\"480\" height=\"360\" src=\"https:\/\/www.martin-hausboot.de\/wp-content\/uploads\/2025\/03\/image-4.png\" alt=\"\" class=\"wp-image-537\" srcset=\"https:\/\/www.martin-hausboot.de\/wp-content\/uploads\/2025\/03\/image-4.png 480w, https:\/\/www.martin-hausboot.de\/wp-content\/uploads\/2025\/03\/image-4-300x225.png 300w\" sizes=\"auto, (max-width: 480px) 100vw, 480px\" \/><\/figure>\n\n\n\n<p>Schau Dir die ausf\u00fchrlichen Streckenbeschreibungen und Zeiten auf der <a href=\"https:\/\/www.martin-hausboot.de\/?page_id=24\">Webseite<\/a> an.<\/p>\n\n\n\n<p>Und fahr doch mal ein paar Tage mit! Wie und wann steht alles <a href=\"https:\/\/www.martin-hausboot.de\/?page_id=30\">hier sehr ausf\u00fchrlich<\/a>.<\/p>\n\n\n\n<p>Du kannst mir auch eine Mail schreiben oder eine Nachricht auf WApp hinterlassen.<\/p>\n\n\n\n<h2 class=\"wp-block-heading\">S\u00fcdseesegeln 2026<br><\/h2>\n\n\n\n<figure class=\"wp-block-image size-full\"><img loading=\"lazy\" decoding=\"async\" width=\"480\" height=\"360\" src=\"https:\/\/www.martin-hausboot.de\/wp-content\/uploads\/2025\/03\/image-3.png\" alt=\"\" class=\"wp-image-536\" srcset=\"https:\/\/www.martin-hausboot.de\/wp-content\/uploads\/2025\/03\/image-3.png 480w, https:\/\/www.martin-hausboot.de\/wp-content\/uploads\/2025\/03\/image-3-300x225.png 300w\" sizes=\"auto, (max-width: 480px) 100vw, 480px\" \/><\/figure>\n\n\n\n<p>Dieses Jahr waren wir schon sechs Wochen innerhalb der Gesellschaftsinseln von<br>French Polynesien mit einer Catana 55 unterwegs.<br>Was wir alles erlebt haben hat Sylvia mit vielen tollen Bilder im Blog geschrieben.<br><a href=\"https:\/\/blog.blu-venture.de\/category\/tagebuch-bluventure\/2025-frenchpolynesien\/\">Hier<\/a> geht\u2019s zu den Beitr\u00e4gen dazu.<\/p>\n\n\n\n<p>Und weil es so sch\u00f6n war und Du das vielleicht auch erleben m\u00f6chtest,<br>steht der Plan f\u00fcr 2026 auch schon wieder fest.<br>Diesmal wird es eine <a href=\"https:\/\/ws.nausys.com\/CBMS-external\/rest\/yacht\/10236757\/html?lang=en&amp;rid=908752173&amp;rsc=e7489f5018a42e01d1725f38aa8e71ef#standardEquipment\">Bali 4.5 (Katamaran)<\/a> sein.<br>Wir sind dann insgesamt nur maximal zu acht an Bord.<br>Somit stehen pro Termin nur 6 Pl\u00e4tze<br>in jeweils drei Doppelkabinen, alle mit eigener Nasszelle (DU\/WC), zur Verf\u00fcgung.<br><\/p>\n\n\n\n<figure class=\"wp-block-image size-full\"><img loading=\"lazy\" decoding=\"async\" width=\"448\" height=\"360\" src=\"https:\/\/www.martin-hausboot.de\/wp-content\/uploads\/2025\/03\/image-2.png\" alt=\"\" class=\"wp-image-535\" srcset=\"https:\/\/www.martin-hausboot.de\/wp-content\/uploads\/2025\/03\/image-2.png 448w, https:\/\/www.martin-hausboot.de\/wp-content\/uploads\/2025\/03\/image-2-300x241.png 300w\" sizes=\"auto, (max-width: 448px) 100vw, 448px\" \/><\/figure>\n\n\n\n<ul class=\"wp-block-list\">\n<li>18.01. &#8211; 06.02.26 \u20ac 3.400,00 mit \u20ac 680,00 Anzahlung<\/li>\n\n\n\n<li>06.02. &#8211; 24.02.26 \u20ac 3.250,00 mit \u20ac 650,00 Anzahlung<\/li>\n<\/ul>\n\n\n\n<p>In diesem Mitsegelpreis sind Bettw\u00e4sche und Handt\u00fccher,<br>die Endreinigung sowie eine Kautions- und Skipper Versicherung enthalten.<br>Und es werden pro T\u00f6rn auch zus\u00e4tzlich zwei SUPs an Bord sein.<\/p>\n\n\n\n<p>Wenn Du n\u00e4chstes Jahr dabei sein m\u00f6chtest,<br>dann melde Dich schnell, die ersten Pl\u00e4tze sind schon vergeben.<\/p>\n\n\n\n<p><strong><em>Also dann bis auf bald an Bord von VLINDER und\/oder<br>auf dem Kat in der S\u00fcdsee 2026<\/em><\/strong><\/p>\n\n\n\n<p><strong><em>Euer Flu\u00dfkapit\u00e4n und Skipper<\/em><\/strong><\/p>\n\n\n\n<figure class=\"wp-block-image size-full\"><img loading=\"lazy\" decoding=\"async\" width=\"164\" height=\"92\" src=\"https:\/\/www.martin-hausboot.de\/wp-content\/uploads\/2025\/03\/image.png\" alt=\"\" class=\"wp-image-533\"\/><\/figure>\n","protected":false},"excerpt":{"rendered":"<p>Hausbootfahrten in Frankreich 2025 Am 15 April geht\u2019s wieder los \u2013 wir starten mit unserer \u201ealten\u201c VLINDERvon Saint Jean de Losne auf der Saone zu einer gro\u00dfen diesj\u00e4hrigen Runde. Es geht zun\u00e4chst auf der \u201eDoubs\u201c \u00fcber Besan\u00e7on und Muhlhouse bis nach Basel.Weiter dann auf dem Rhein mit einem Abstecher nach Colmar bis nach Stra\u00dfbourg. Auf [&hellip;]<\/p>\n","protected":false},"author":2,"featured_media":0,"parent":0,"menu_order":0,"comment_status":"closed","ping_status":"closed","template":"","meta":{"footnotes":""},"class_list":["post-532","page","type-page","status-publish","hentry"],"_links":{"self":[{"href":"https:\/\/www.martin-hausboot.de\/index.php?rest_route=\/wp\/v2\/pages\/532","targetHints":{"allow":["GET"]}}],"collection":[{"href":"https:\/\/www.martin-hausboot.de\/index.php?rest_route=\/wp\/v2\/pages"}],"about":[{"href":"https:\/\/www.martin-hausboot.de\/index.php?rest_route=\/wp\/v2\/types\/page"}],"author":[{"embeddable":true,"href":"https:\/\/www.martin-hausboot.de\/index.php?rest_route=\/wp\/v2\/users\/2"}],"replies":[{"embeddable":true,"href":"https:\/\/www.martin-hausboot.de\/index.php?rest_route=%2Fwp%2Fv2%2Fcomments&post=532"}],"version-history":[{"count":2,"href":"https:\/\/www.martin-hausboot.de\/index.php?rest_route=\/wp\/v2\/pages\/532\/revisions"}],"predecessor-version":[{"id":565,"href":"https:\/\/www.martin-hausboot.de\/index.php?rest_route=\/wp\/v2\/pages\/532\/revisions\/565"}],"wp:attachment":[{"href":"https:\/\/www.martin-hausboot.de\/index.php?rest_route=%2Fwp%2Fv2%2Fmedia&parent=532"}],"curies":[{"name":"wp","href":"https:\/\/api.w.org\/{rel}","templated":true}]}}