{"id":193,"date":"2024-11-29T15:17:15","date_gmt":"2024-11-29T15:17:15","guid":{"rendered":"https:\/\/www.martin-hausboot.de\/?page_id=193"},"modified":"2024-12-05T14:35:37","modified_gmt":"2024-12-05T14:35:37","slug":"startseite","status":"publish","type":"page","link":"https:\/\/www.martin-hausboot.de\/?page_id=193","title":{"rendered":"STARTSEITE"},"content":{"rendered":"\n<h2 class=\"wp-block-heading\">Mit <a href=\"https:\/\/www.martin-hausboot.de\/?page_id=20\">VLINDER<\/a> alias Schmetterling unterwegs in Frankreich<\/h2>\n\n\n\n<p>VLINDER bedeutet auf holl\u00e4ndisch Schmetterling.<br>Ein passender Name, den VLINDER flattert sozusagen gem\u00fctlich \u00fcbers Wasser,<br>also komm mit, weil Vlindern macht Spa\u00df!<\/p>\n\n\n\n<figure class=\"wp-block-image size-large\"><img loading=\"lazy\" decoding=\"async\" width=\"1024\" height=\"882\" src=\"https:\/\/www.martin-hausboot.de\/wp-content\/uploads\/2024\/11\/Startseite_Bildgroesse-aendern-1024x882.png\" alt=\"\" class=\"wp-image-194\" srcset=\"https:\/\/www.martin-hausboot.de\/wp-content\/uploads\/2024\/11\/Startseite_Bildgroesse-aendern-1024x882.png 1024w, https:\/\/www.martin-hausboot.de\/wp-content\/uploads\/2024\/11\/Startseite_Bildgroesse-aendern-300x258.png 300w, https:\/\/www.martin-hausboot.de\/wp-content\/uploads\/2024\/11\/Startseite_Bildgroesse-aendern-768x661.png 768w, https:\/\/www.martin-hausboot.de\/wp-content\/uploads\/2024\/11\/Startseite_Bildgroesse-aendern-1536x1323.png 1536w, https:\/\/www.martin-hausboot.de\/wp-content\/uploads\/2024\/11\/Startseite_Bildgroesse-aendern.png 1547w\" sizes=\"auto, (max-width: 1024px) 100vw, 1024px\" \/><\/figure>\n\n\n\n<h3 class=\"wp-block-heading\"><strong>Hausbootreisen in Frankreich \u2013 Ein unvergessliches Erlebnis<\/strong><\/h3>\n\n\n\n<p>Frankreich ist eines der beliebtesten Ziele f\u00fcr Hausbootreisen in Europa. Mit seinem weit verzweigten Netz von Fl\u00fcssen und Kan\u00e4len, malerischen Landschaften, charmanten D\u00f6rfern und historischen St\u00e4dten bietet das Land ideale Voraussetzungen f\u00fcr einen entspannten Urlaub auf dem Wasser. Frankreichs Wasserwege versprechen Abenteuer, Kultur und Genuss auf \u00fcber mehr als 8.000 Kilometer befahrbaren Wasserstra\u00dfen.<\/p>\n\n\n\n<p>Komm mit und begleite uns auf <a href=\"https:\/\/www.martin-hausboot.de\/?page_id=20\">VLINDER<\/a> bei unseren diesj\u00e4hrigen Etappen.<br>Eine Routenplanung f\u00fcr das aktuelle Jahr findest Du <a href=\"https:\/\/www.martin-hausboot.de\/?page_id=24\">hier<\/a>.<\/p>\n\n\n\n<hr class=\"wp-block-separator has-alpha-channel-opacity\"\/>\n\n\n\n<h3 class=\"wp-block-heading\"><strong><a href=\"https:\/\/barges.org\/members\/bargeregister\/search?assetaction=detail&amp;vesselid=3049\" target=\"_blank\" rel=\"noreferrer noopener\">VLINDER<\/a> ist Mitglied der <a href=\"https:\/\/barges.org\/\" target=\"_blank\" rel=\"noreferrer noopener\">Barge Association<\/a><\/strong><\/h3>\n\n\n\n<figure class=\"wp-block-gallery has-nested-images columns-default is-cropped wp-block-gallery-1 is-layout-flex wp-block-gallery-is-layout-flex\">\n<figure class=\"wp-block-image size-large\"><a href=\"https:\/\/barges.org\/\" target=\"_blank\" rel=\"noreferrer noopener\"><img loading=\"lazy\" decoding=\"async\" width=\"1024\" height=\"479\" data-id=\"259\" src=\"https:\/\/www.martin-hausboot.de\/wp-content\/uploads\/2024\/11\/Barge-Orga-1024x479.png\" alt=\"\" class=\"wp-image-259\" srcset=\"https:\/\/www.martin-hausboot.de\/wp-content\/uploads\/2024\/11\/Barge-Orga-1024x479.png 1024w, https:\/\/www.martin-hausboot.de\/wp-content\/uploads\/2024\/11\/Barge-Orga-300x140.png 300w, https:\/\/www.martin-hausboot.de\/wp-content\/uploads\/2024\/11\/Barge-Orga-768x359.png 768w, https:\/\/www.martin-hausboot.de\/wp-content\/uploads\/2024\/11\/Barge-Orga.png 1138w\" sizes=\"auto, (max-width: 1024px) 100vw, 1024px\" \/><\/a><\/figure>\n<\/figure>\n","protected":false},"excerpt":{"rendered":"<p>Mit VLINDER alias Schmetterling unterwegs in Frankreich VLINDER bedeutet auf holl\u00e4ndisch Schmetterling.Ein passender Name, den VLINDER flattert sozusagen gem\u00fctlich \u00fcbers Wasser,also komm mit, weil Vlindern macht Spa\u00df! Hausbootreisen in Frankreich \u2013 Ein unvergessliches Erlebnis Frankreich ist eines der beliebtesten Ziele f\u00fcr Hausbootreisen in Europa. Mit seinem weit verzweigten Netz von Fl\u00fcssen und Kan\u00e4len, malerischen Landschaften, [&hellip;]<\/p>\n","protected":false},"author":2,"featured_media":0,"parent":0,"menu_order":0,"comment_status":"closed","ping_status":"closed","template":"","meta":{"footnotes":""},"class_list":["post-193","page","type-page","status-publish","hentry"],"_links":{"self":[{"href":"https:\/\/www.martin-hausboot.de\/index.php?rest_route=\/wp\/v2\/pages\/193","targetHints":{"allow":["GET"]}}],"collection":[{"href":"https:\/\/www.martin-hausboot.de\/index.php?rest_route=\/wp\/v2\/pages"}],"about":[{"href":"https:\/\/www.martin-hausboot.de\/index.php?rest_route=\/wp\/v2\/types\/page"}],"author":[{"embeddable":true,"href":"https:\/\/www.martin-hausboot.de\/index.php?rest_route=\/wp\/v2\/users\/2"}],"replies":[{"embeddable":true,"href":"https:\/\/www.martin-hausboot.de\/index.php?rest_route=%2Fwp%2Fv2%2Fcomments&post=193"}],"version-history":[{"count":12,"href":"https:\/\/www.martin-hausboot.de\/index.php?rest_route=\/wp\/v2\/pages\/193\/revisions"}],"predecessor-version":[{"id":464,"href":"https:\/\/www.martin-hausboot.de\/index.php?rest_route=\/wp\/v2\/pages\/193\/revisions\/464"}],"wp:attachment":[{"href":"https:\/\/www.martin-hausboot.de\/index.php?rest_route=%2Fwp%2Fv2%2Fmedia&parent=193"}],"curies":[{"name":"wp","href":"https:\/\/api.w.org\/{rel}","templated":true}]}}